e highest common divisor of 195 and 48179157.
39
What is the highest common divisor of 5808 and 2046836?
484
Calculate the greatest common divisor of 24743090 and 3690.
410
Calculate the greatest common divisor of 11831087 and 18154.
313
What is the highest common factor of 144512 and 688690?
2258
Calculate the greatest common divisor of 120 and 1133696.
8
Calculate the highest common factor of 8720 and 425645.
545
Calculate the greatest common factor of 16509546 and 1395.
279
What is the highest common factor of 250 and 2020?
10
Calculate the highest common divisor of 108550510 and 10.
10
Calculate the greatest common divisor of 23947569 and 9.
9
Calculate the highest common factor of 10706 and 1961824.
202
What is the highest common factor of 3008 and 303574?
2
Calculate the highest common factor of 758826 and 4770.
18
What is the highest common factor of 21398385 and 480?
15
Calculate the greatest common divisor of 98315 and 21385.
35
What is the greatest common divisor of 7200 and 2310975?
225
What is the highest common divisor of 2348306 and 2489?
131
What is the highest common divisor of 687 and 66843497?
229
What is the greatest common divisor of 191200910 and 70?
10
What is the highest common divisor of 29159 and 182143?
13
What is the highest common factor of 15 and 23512365?
15
What is the highest common factor of 13132 and 2388260?
196
Calculate the greatest common factor of 10421746 and 1751.
103
Calculate the greatest common factor of 19608 and 133214.
86
Calculate the greatest common divisor of 80320844 and 4.
4
Calculate the highest common factor of 33 and 509765839.
11
Calculate the greatest common factor of 72505810 and 30.
10
What is the greatest common divisor of 112785228 and 36?
36
Calculate the highest common divisor of 207966 and 11040.
138
Calculate the highest common factor of 8709156 and 72.
36
What is the highest common factor of 600 and 32401130?
10
Calculate the greatest common divisor of 30834 and 932910078.
3426
Calculate the greatest common divisor of 3361 and 1850590127.
3361
Calculate the highest common divisor of 30 and 184763910.
30
Calculate the highest common divisor of 73635 and 143790.
15
Calculate the highest common factor of 95244 and 10068.
12
Calculate the highest common divisor of 77968 and 470536.
88
What is the highest common factor of 32846652 and 12?
12
Calculate the greatest common divisor of 18265516 and 564.
188
What is the greatest common divisor of 677 and 4328?
1
What is the highest common divisor of 456 and 57032034?
114
Calculate the highest common factor of 3124197 and 56224.
251
Calculate the greatest common factor of 117137960 and 1160.
1160
What is the highest common divisor of 8849050 and 90?
10
What is the highest common factor of 34 and 3857420258?
34
What is the greatest common factor of 194345921 and 77?
77
What is the greatest common divisor of 10933 and 172724?
29
What is the greatest common divisor of 511784 and 10507?
133
What is the greatest common divisor of 281946 and 186046?
1918
Calculate the highest common factor of 612 and 54635616.
36
What is the highest common factor of 2044 and 12040693?
511
What is the highest common divisor of 3235865 and 765?
85
Calculate the greatest common divisor of 10 and 6715510.
10
What is the greatest common divisor of 924752 and 464?
464
Calculate the greatest common factor of 72 and 156754368.
72
What is the greatest common factor of 1780 and 68436550?
890
What is the greatest common factor of 957 and 71398?
29
Calculate the greatest common divisor of 56796563 and 214.
107
What is the highest common divisor of 2671 and 600379367?
2671
Calculate the highest common divisor of 71496 and 119610.
54
Calculate the highest common factor of 12086763 and 312.
39
Calculate the highest common divisor of 5242902 and 4160334.
6294
What is the greatest common divisor of 35376 and 120272504?
5896
Calculate the highest common divisor of 183936 and 144179.
479
What is the greatest common divisor of 536 and 1261336?
8
What is the greatest common divisor of 2418 and 842168847?
1209
Calculate the highest common divisor of 18173 and 43134150.
1069
What is the highest common factor of 186306601 and 1357?
1357
Calculate the highest common factor of 1412336 and 5700764.
3428
Calculate the highest common divisor of 449320 and 1178270.
2390
What is the greatest common factor of 9729632 and 352?
352
Calculate the highest common divisor of 255772 and 42900.
44
Calculate the greatest common divisor of 208455 and 191100.
195
Calculate the greatest common divisor of 348439 and 30769297.
7111
What is the greatest common factor of 10578 and 339972?
246
Calculate the greatest common divisor of 459 and 16669638.
27
What is the greatest common divisor of 3855 and 32586572?
257
Calculate the highest common divisor of 3065852 and 4580.
916
What is the highest common divisor of 2032 and 26808684?
508
What is the highest common divisor of 5064111 and 324?
9
What is the greatest common factor of 1878744 and 777?
21
Calculate the greatest common factor of 1617612 and 132.
12
What is the highest common factor of 2897898230 and 10?
10
What is the highest common factor of 181390041 and 58?
29
Calculate the greatest common factor of 326671 and 362623.
107
Calculate the highest common divisor of 93060 and 15499660.
10340
Calculate the highest common divisor of 43430808 and 2952.
984
Calculate the highest common factor of 60 and 176534508.
12
Calculate the highest common divisor of 333018 and 959.
7
Calculate the highest common divisor of 378268636 and 7908.
2636
Calculate the highest common divisor of 245648 and 351.
13
Calculate the greatest common factor of 17276475 and 150.
75
Calculate the greatest common divisor of 183480 and 810.
30
What is the highest common factor of 205767 and 9117?
9
What is the greatest common divisor of 21 and 22372203?
21
Calculate the greatest common factor of 504 and 2553656.
56
Calculate the highest common factor of 56340 and 283534180.
6260
Calculate the greatest common divisor of 1086 and 8255229.
543
Calculate the highest common divisor of 6421062 and 3345.
669
Calculate the greatest common factor of 715 and 858897.
13
Calculate the greatest common factor of 410750 and 2021950.
2650
Calculate the greatest common factor of 4035444 and 123039.
147
Calculate the highest common divisor of 353329822 and 356.
178
Calculate the highest common factor of 792 and 254681568.
72
What is the highest common divisor of 933 and 388227831?
933
What is the highest common divisor of 2861 and 39398?
1
Calculate the highest common factor of 813428 and 40964.
5852
Calculate the highest common divisor of 75053 and 109843477.
6823
What is the highest common factor of 461968 and 328?
8
Calculate the greatest common divisor of 264282 and 1088544.
102
Calculate the highest common factor of 9563313 and 274650.
5493
Calculate the greatest common factor of 1118 and 33608614.
26
What is the highest common factor of 436422507 and 32613?
4659
What is the highest common factor of 1296 and 280632762?
162
What is the greatest common divisor of 148528438 and 56308?
4022
What is the greatest common factor of 696258 and 150165?
423
Calculate the highest common divisor of 37433 and 5479199.
451
What is the greatest common divisor of 1104973 and 10359823?
5609
Calculate the greatest common factor of 558 and 9167692.
62
Calculate the highest common divisor of 1758499 and 1258.
37
Calculate the highest common divisor of 299706006 and 12.
6
What is the highest common factor of 519250 and 8215?
155
Calculate the highest common divisor of 1160 and 2225112.
232
What is the highest common factor of 347156925 and 125?
25
What is the greatest common factor of 108 and 12139092?
108
Calculate the greatest common divisor of 12790118 and 55.
11
Calculate the highest common divisor of 454289112 and 7272.
7272
Calculate the highest common factor of 130 and 2864264.
26
Calculate the highest common factor of 28137985 and 295.
295
What is the greatest common factor of 307 and 44892917?
307
What is the highest common divisor of 74001 and 26361768?
4353
What is the greatest common factor of 8979 and 1707105?
219
Calculate the greatest common divisor of 23068 and 398792.
316
What is the greatest common 